{"id":39,"date":"2016-04-22T13:57:53","date_gmt":"2016-04-22T11:57:53","guid":{"rendered":"http:\/\/www.obecni-noviny.cz\/?page_id=39"},"modified":"2016-04-22T15:02:00","modified_gmt":"2016-04-22T13:02:00","slug":"technicke-moznosti","status":"publish","type":"page","link":"https:\/\/www.obecni-noviny.cz\/?page_id=39","title":{"rendered":"Technick\u00e9 mo\u017enosti"},"content":{"rendered":"<p>Noviny a zpravodaje mohou m\u00edt celou \u0159adu podob. M\u016f\u017eete si vybrat r\u016fzn\u00e9 druhy pap\u00edru,\u00a0r\u016fznou barevnost ob\u00e1lky a vnit\u0159n\u00edch list\u016f, form\u00e1t zpravodaje a jeho vazbu. Pro snaz\u0161\u00ed specifikaci technick\u00fdch parametr\u016f popt\u00e1vky poskytujeme n\u011bkolik z\u00e1kladn\u00edch rad.<\/p>\n<h3>Form\u00e1t<\/h3>\n<p>Typick\u00e9 form\u00e1ty periodik\u00a0jsou \u010dasto ur\u010deny t\u00edm,\u00a0jak\u00fd je c\u00edl zadavatele. Pokud m\u00e1 m\u00edt periodikum charakter klasick\u00fdch novin, je form\u00e1t obvykle 460 x 315 mm, p\u0159elo\u017een\u00fd na polovinu bez vazby. Zpravodaj\u016fm naopak nejv\u00edce slu\u0161\u00ed form\u00e1t A4 s vazbou V1 (kovov\u00e1 skoba uprost\u0159ed). \u010casto se pou\u017e\u00edvaj\u00ed rovn\u011b\u017e form\u00e1ty A5 s vazbou V1.<\/p>\n<p>Doporu\u010dujeme nevolit netradi\u010dn\u00ed form\u00e1ty pap\u00edru, proto\u017ee tyto\u00a0obvykle nelze efektivn\u011b vyskl\u00e1dat na tiskov\u00fd arch, co\u017e v kone\u010dn\u00e9m d\u016fsledku\u00a0zvy\u0161uje cenu.\u00a0Doporu\u010dujeme jako nejide\u00e1ln\u011bj\u0161\u00ed volit form\u00e1t A4. Jedn\u00e1 se o nejefektivn\u011bj\u0161\u00ed vyu\u017eit\u00ed plochy i tiskov\u00e9ho archu s minimalizac\u00ed n\u00e1klad\u016f na sklad a po\u010det pr\u016fjezd\u016f tiskov\u00fdm strojem u men\u0161\u00edch n\u00e1klad\u016f.<\/p>\n<h3>Typ pap\u00edru<\/h3>\n<p>Existuje cel\u00e1 \u0159ada pap\u00edr\u016f, na kter\u00e9 lze noviny a zpravodaje vyrobit. Zjednodu\u0161en\u011b je lze rozd\u011blit n\u00e1sledovn\u011b:<\/p>\n<ul>\n<li><strong>K\u0159\u00eddov\u00e9 pap\u00edry<\/strong> &#8211; jsou kvalitn\u00ed hladk\u00e9 nat\u00edran\u00e9 pap\u00edry v proveden\u00ed bu\u010f leskl\u00e9m nebo matn\u00e9m. Jsou k dispozici v gram\u00e1\u017e\u00edch od cca 90-350 g\/m2.<\/li>\n<li>LWC pap\u00edry &#8211; lehce nat\u00edran\u00e9 leskl\u00e9 nebo matn\u00e9 pap\u00edry s ni\u017e\u0161\u00ed \u00farovn\u00ed lesku a obvykle n\u00edzkou gram\u00e1\u017e\u00ed cca 60-80 g\/m2. \u00a0Pou\u017e\u00edvaj\u00ed se obvykle u rota\u010dn\u00edho tisku. Najdete je nap\u0159\u00edklad u televizn\u00edho programu.<\/li>\n<li><strong>Ofsetov\u00e9 pap\u00edry<\/strong> &#8211; bezd\u0159ev\u00e9 nenat\u00edran\u00e9 pap\u00edry v gram\u00e1\u017e\u00edch obvykle 80 g\/m2, 90 g\/m2.\u00a0Jedn\u00e1 se v podstat\u011b\u00a0o b\u011b\u017en\u00e9 &#8222;kancel\u00e1\u0159sk\u00e9&#8220; pap\u00edry, kter\u00e9\u00a0denn\u011b pou\u017e\u00edv\u00e1te v tisk\u00e1rn\u00e1ch a kop\u00edrk\u00e1ch kolem sebe.<\/li>\n<li>Ostatn\u00ed &#8211; sem pat\u0159\u00ed nap\u0159\u00edklad recyklovan\u00e9 pap\u00edry, kartony, lepenky, speci\u00e1ln\u00ed pap\u00edry, samolepky apod., kter\u00e9 se pro obecn\u00ed noviny a zpravodaje nevyu\u017e\u00edvaj\u00ed.<\/li>\n<\/ul>\n<p>Z d\u016fvodu dosa\u017een\u00ed co nejvy\u0161\u0161\u00ed efektivity doporu\u010dujeme na obecn\u00ed noviny \u010di zpravodaj pou\u017e\u00edt n\u011bkterou z\u00a0n\u00e1sleduj\u00edc\u00edch variant:<\/p>\n<ul>\n<li>Cel\u00e1 tiskovina na 80 g\/m2 ofset.<\/li>\n<li>Cel\u00e1 tiskovina na 80\u00a0g\/m2 ofset, ale z toho ob\u00e1lka na 135\u00a0g\/m2 k\u0159\u00edda lesk.<\/li>\n<li>Cel\u00e1 tiskovina na 90 g\/m2 k\u0159\u00edda lesk\/mat.<\/li>\n<\/ul>\n<h3>Barevnost<\/h3>\n<p>Pom\u011brn\u011b z\u00e1sadn\u00ed vliv na cenu p\u0159i v\u00fdrob\u011b novin a zpravodaj\u016f m\u00e1 barevnost. Tj. ur\u010den\u00ed toho, zda\u00a0a na jak\u00fdch str\u00e1nk\u00e1ch bude tiskovina barevn\u00e1 nebo \u010dernob\u00edl\u00e1 (event. nap\u0159. dvoubarevn\u00e1). Zde existuje cel\u00e1 \u0159ada mo\u017enost\u00ed, kde si m\u016f\u017eete jednotliv\u00e9 strany libovoln\u011b barevn\u011b nakombinovat. V\u017edy je v\u0161ak nutn\u00e9 br\u00e1t v \u00favahu, \u017ee str\u00e1nky se tisknou v cel\u00fdch ar\u0161\u00edch a tedy jedna barevn\u00e1 str\u00e1nka ovliv\u0148uje minim\u00e1ln\u011b jednu dal\u0161\u00ed str\u00e1nku v tiskovin\u011b, v p\u0159\u00edpad\u011b ofsetov\u00e9ho tisku pak i n\u011bkolik stran v z\u00e1vislosti na velikosti archu.<\/p>\n<p>Z d\u016fvodu dosa\u017een\u00ed co nejvy\u0161\u0161\u00ed efektivity doporu\u010dujeme v\u00fdb\u011br jedn\u00e9 z n\u00e1sleduj\u00edc\u00edch variant kombinace barevnosti:<\/p>\n<ul>\n<li>Cel\u00e1 tiskovina \u010dernob\u00edl\u00e1<\/li>\n<li>Cel\u00e1 tiskovina barevn\u00e1<\/li>\n<li>Barevn\u00e1 vn\u011bj\u0161\u00ed strana ob\u00e1lky a zbytek \u010dernob\u00edl\u00fd (nej\u010dast\u011bj\u0161\u00ed &#8211; ekonomicky p\u0159ijateln\u00e1 a p\u0159itom vizu\u00e1ln\u011b pohledn\u00e1 varianta)<\/li>\n<li>Barevn\u00e1 vn\u011bj\u0161\u00ed\u00a0a barevn\u00e1 vnit\u0159n\u00ed strana ob\u00e1lky a zbytek \u010dernob\u00edl\u00fd<\/li>\n<\/ul>\n<h3>Po\u010det stran<\/h3>\n<p>Po\u010det stran novin \u010di zpravodaje je d\u00e1n pot\u0159ebou a rozsahem publikovan\u00fdch informac\u00ed, ale m\u011bl by zhruba odr\u00e1\u017eet i v\u00fdrobn\u00ed technologii. Po\u010det stran by m\u011bl b\u00fdt s ohledem na vazbu ide\u00e1ln\u011b d\u011bliteln\u00fd 4. Lze vyrobit i periodika nap\u0159. s po\u010dtem stran 10, av\u0161ak je nutn\u00e9 vz\u00edt v \u00favahu, \u017ee &#8222;prost\u0159edn\u00ed&#8220; list bude do tiskoviny vlo\u017een bez mo\u017enosti sv\u00e1z\u00e1n\u00ed s tiskovinou (bereme -li v \u00favahu vazbu dr\u00e1tem &#8211; V1).<\/p>\n<h3>Vazba<\/h3>\n<p>Drtiv\u00e1 v\u011bt\u0161ina novin a zpravodaj\u016f bez ohledu na form\u00e1t, m\u00e1 po\u010det stran do 40. D\u00edky tomu p\u0159ipad\u00e1 v \u00favahu prakticky pouze vazba V1, tj. se\u0161it\u00ed tiskoviny dr\u00e1tem (jedn\u00e1 se o dv\u011b kovov\u00e9 skoby ve h\u0159betu\u00a0jakoby se\u0161it\u00e9 &#8222;kon\u011bm&#8220;).<\/p>\n<p>Dle p\u0159\u00e1n\u00ed\u00a0zadavatele lze vyrobit i tiskovinu bez vazby &#8211; pouze formou do sebe voln\u011b lo\u017een\u00fdch list\u016f. V takov\u00e9m p\u0159\u00edpad\u011b dojde k\u00a0nepatrn\u00e9 finan\u010dn\u00ed \u00faspo\u0159e. \u00daspora v\u0161ak nen\u00ed z\u00e1sadn\u00ed a na vazb\u011b V1 \u0161et\u0159it nedoporu\u010dujeme.<\/p>\n<p>U v\u011bt\u0161\u00edho po\u010dtu stran (nad 40 a v\u00edce dle typu pap\u00edru) lze aplikovat i lepenou vazbu V2 (zn\u00e1mou z &#8222;bro\u017eovan\u00fdch&#8220; \u00a0knih), ov\u0161em ta je ji\u017e cenov\u011b v\u00fdrazn\u011b n\u00e1kladn\u011bj\u0161\u00ed ne\u017e V1 a u novin a zpravodaj\u016f se prakticky nepou\u017e\u00edv\u00e1.<\/p>\n<h3>N\u00e1klad<\/h3>\n<p>Pokud m\u00e1te jasnou p\u0159edstavu o n\u00e1kladu, nen\u00ed co \u0159e\u0161it. Pokud si v\u0161ak nejste jisti, zda bude po\u010det objednan\u00fdch kus\u016f dostate\u010dn\u00fd, doporu\u010dujeme rad\u011bji objednat o n\u011bco m\u00e1lo kus\u016f v\u00edce, ne\u017e pak prov\u00e1d\u011bt dotisk. Obecn\u011b plat\u00ed, \u017ee \u010d\u00edm vy\u0161\u0161\u00ed je n\u00e1klad, t\u00edm ni\u017e\u0161\u00ed je cena za jeden kus, by\u0165 absolutn\u00ed cena zak\u00e1zky roste s v\u00fd\u0161\u00ed n\u00e1kladu v\u017edy.<\/p>\n<h3>Jak vytvo\u0159it co nejefektivn\u011bji obecn\u00ed noviny \u010di zpravodaj?<\/h3>\n<p>Jak tedy vyrobit co &#8222;nejhez\u010d\u00ed&#8220; a z\u00e1rove\u0148 ekonomicky nejv\u00fdhodn\u011bj\u0161\u00ed noviny \u010di zpravodaj?\u00a0Pokud chcete u\u0161et\u0159it a p\u0159itom zachovat va\u0161\u00ed obci pohledn\u00e9 noviny \u010di zpravodaj, pak doporu\u010dujeme:<\/p>\n<ul>\n<li>Zvolte si form\u00e1t, kter\u00fd je standardn\u00ed, nap\u0159. A4.<\/li>\n<li>Zvolte si nenat\u00edran\u00fd pap\u00edr, nap\u0159. ofset 80 gr..<\/li>\n<li>Barevnost z\u00e1sadn\u011b ovliv\u0148uje cenu, zde je mo\u017en\u00e9 hodn\u011b u\u0161et\u0159it. Zvolte si nap\u0159. barevnou vn\u011bj\u0161\u00ed stranu ob\u00e1lky a zbytek \u010dernob\u00edl\u00fd.<\/li>\n<li>Vazba neovliv\u0148uje cenu natolik z\u00e1sadn\u011b,\u00a0av\u0161ak jej\u00ed absence tiskovinu v\u00fdrazn\u011b degraduje, nedoporu\u010dujeme proto \u0161et\u0159it pr\u00e1v\u011b na vazb\u011b.<\/li>\n<li>N\u00e1klad ovliv\u0148uje cenu. Pokud si nejste jisti n\u00e1kladem,\u00a0je lep\u0161\u00ed rad\u011bji zvolit m\u00edrn\u011b vy\u0161\u0161\u00ed n\u00e1klad, ne\u017e pak \u017e\u00e1dat o dotisk, nebo\u0165 obecn\u011b plat\u00ed, \u017ee \u010d\u00edm vy\u0161\u0161\u00ed n\u00e1klad, t\u00edm\u00a0ni\u017e\u0161\u00ed cena za kus.<\/li>\n<\/ul>\n","protected":false},"excerpt":{"rendered":"<p>Noviny a zpravodaje mohou m\u00edt celou \u0159adu podob. M\u016f\u017eete si vybrat r\u016fzn\u00e9 druhy pap\u00edru,\u00a0r\u016fznou barevnost ob\u00e1lky a vnit\u0159n\u00edch list\u016f, form\u00e1t zpravodaje a jeho vazbu. Pro snaz\u0161\u00ed specifikaci technick\u00fdch parametr\u016f popt\u00e1vky poskytujeme n\u011bkolik z\u00e1kladn\u00edch rad. Form\u00e1t Typick\u00e9 form\u00e1ty periodik\u00a0jsou \u010dasto ur\u010deny t\u00edm,\u00a0jak\u00fd je c\u00edl zadavatele. Pokud m\u00e1 m\u00edt periodikum charakter klasick\u00fdch novin, je form\u00e1t obvykle 460 [&hellip;]<\/p>\n","protected":false},"author":1,"featured_media":0,"parent":0,"menu_order":0,"comment_status":"closed","ping_status":"closed","template":"","meta":{"footnotes":""},"_links":{"self":[{"href":"https:\/\/www.obecni-noviny.cz\/index.php?rest_route=\/wp\/v2\/pages\/39"}],"collection":[{"href":"https:\/\/www.obecni-noviny.cz\/index.php?rest_route=\/wp\/v2\/pages"}],"about":[{"href":"https:\/\/www.obecni-noviny.cz\/index.php?rest_route=\/wp\/v2\/types\/page"}],"author":[{"embeddable":true,"href":"https:\/\/www.obecni-noviny.cz\/index.php?rest_route=\/wp\/v2\/users\/1"}],"replies":[{"embeddable":true,"href":"https:\/\/www.obecni-noviny.cz\/index.php?rest_route=%2Fwp%2Fv2%2Fcomments&post=39"}],"version-history":[{"count":8,"href":"https:\/\/www.obecni-noviny.cz\/index.php?rest_route=\/wp\/v2\/pages\/39\/revisions"}],"predecessor-version":[{"id":47,"href":"https:\/\/www.obecni-noviny.cz\/index.php?rest_route=\/wp\/v2\/pages\/39\/revisions\/47"}],"wp:attachment":[{"href":"https:\/\/www.obecni-noviny.cz\/index.php?rest_route=%2Fwp%2Fv2%2Fmedia&parent=39"}],"curies":[{"name":"wp","href":"https:\/\/api.w.org\/{rel}","templated":true}]}}